{"id":19300,"date":"2025-11-14T17:26:41","date_gmt":"2025-11-14T20:26:41","guid":{"rendered":"https:\/\/symepis.com.br\/loja\/?post_type=product&#038;p=19300"},"modified":"2025-11-14T17:28:38","modified_gmt":"2025-11-14T20:28:38","slug":"meiao-termico-tm-unico-46cm-c-a-10977-maicol","status":"publish","type":"product","link":"https:\/\/symepis.com.br\/loja\/produto\/meiao-termico-tm-unico-46cm-c-a-10977-maicol\/","title":{"rendered":"MEIAO T\u00c9RMICO TM UNICO 46CM C.A 10977 MAICOL"},"content":{"rendered":"<p>Mei\u00e3o T\u00e9rmico (CA 10977)<\/p>\n<p>O mei\u00e3o t\u00e9rmico \u00e9 ideal para quem busca conforto e prote\u00e7\u00e3o em ambientes de baixa temperatura. Confeccionado em l\u00e3 sint\u00e9tica de alta qualidade, ele oferece excelente isolamento t\u00e9rmico, mantendo seus p\u00e9s e pernas aquecidos mesmo nas condi\u00e7\u00f5es mais frias. Seu design anat\u00f4mico se ajusta perfeitamente aos p\u00e9s, proporcionando um ajuste confort\u00e1vel e seguro.<\/p>\n<p><strong>Caracter\u00edsticas principais:<br \/>\n<\/strong>Material: L\u00e3 sint\u00e9tica de alta qualidade<br \/>\nTamanho: Dispon\u00edvel em v\u00e1rios tamanhos<br \/>\nUso: Ideal para c\u00e2maras frias, frigor\u00edficos e atividades ao ar livre em climas frios<br \/>\nCertifica\u00e7\u00e3o: Aprovado pelo MTE para prote\u00e7\u00e3o contra agentes t\u00e9rmicos (CA 10977)<\/p>\n<p>Este mei\u00e3o \u00e9 perfeito para profissionais que trabalham em ambientes frios ou para quem pratica atividades ao ar livre durante o inverno. Com ele, voc\u00ea garante conforto e seguran\u00e7a t\u00e9rmica para seus p\u00e9s.<\/p>\n\n    <div class=\"xs_social_share_widget xs_share_url after_content \t\tmain_content  wslu-style-1 wslu-share-box-shaped wslu-fill-colored wslu-none wslu-share-horizontal wslu-theme-font-no wslu-main_content\">\n\n\t\t\n        <ul>\n\t\t\t        <\/ul>\n    <\/div> \n","protected":false},"excerpt":{"rendered":"<p>Mei\u00e3o T\u00e9rmico (CA 10977) O mei\u00e3o t\u00e9rmico \u00e9 ideal para quem busca conforto e prote\u00e7\u00e3o em ambientes de baixa temperatura. Confeccionado em l\u00e3 sint\u00e9tica de alta qualidade, ele oferece excelente isolamento t\u00e9rmico, mantendo seus p\u00e9s e pernas aquecidos mesmo nas condi\u00e7\u00f5es mais frias. Seu design anat\u00f4mico se ajusta perfeitamente aos p\u00e9s, proporcionando um ajuste confort\u00e1vel [&hellip;]<\/p>\n","protected":false},"featured_media":19301,"comment_status":"open","ping_status":"closed","template":"","meta":{"postBodyCss":"","postBodyMargin":[],"postBodyPadding":[],"postBodyBackground":{"backgroundType":"classic","gradient":""}},"product_brand":[],"product_cat":[314],"product_tag":[],"class_list":{"0":"post-19300","1":"product","2":"type-product","3":"status-publish","4":"has-post-thumbnail","6":"product_cat-protecao-termica","8":"first","9":"instock","10":"taxable","11":"shipping-taxable","12":"purchasable","13":"product-type-variable"},"_links":{"self":[{"href":"https:\/\/symepis.com.br\/loja\/wp-json\/wp\/v2\/product\/19300","targetHints":{"allow":["GET"]}}],"collection":[{"href":"https:\/\/symepis.com.br\/loja\/wp-json\/wp\/v2\/product"}],"about":[{"href":"https:\/\/symepis.com.br\/loja\/wp-json\/wp\/v2\/types\/product"}],"replies":[{"embeddable":true,"href":"https:\/\/symepis.com.br\/loja\/wp-json\/wp\/v2\/comments?post=19300"}],"wp:featuredmedia":[{"embeddable":true,"href":"https:\/\/symepis.com.br\/loja\/wp-json\/wp\/v2\/media\/19301"}],"wp:attachment":[{"href":"https:\/\/symepis.com.br\/loja\/wp-json\/wp\/v2\/media?parent=19300"}],"wp:term":[{"taxonomy":"product_brand","embeddable":true,"href":"https:\/\/symepis.com.br\/loja\/wp-json\/wp\/v2\/product_brand?post=19300"},{"taxonomy":"product_cat","embeddable":true,"href":"https:\/\/symepis.com.br\/loja\/wp-json\/wp\/v2\/product_cat?post=19300"},{"taxonomy":"product_tag","embeddable":true,"href":"https:\/\/symepis.com.br\/loja\/wp-json\/wp\/v2\/product_tag?post=19300"}],"curies":[{"name":"wp","href":"https:\/\/api.w.org\/{rel}","templated":true}]}}