{"id":17819,"date":"2021-10-21T17:10:08","date_gmt":"2021-10-21T20:10:08","guid":{"rendered":"https:\/\/sym-epis.com.br\/site\/?post_type=product&#038;p=17819"},"modified":"2025-12-04T16:48:25","modified_gmt":"2025-12-04T19:48:25","slug":"capa-de-chuva-pvc-forrada-ca-15975-plastseg","status":"publish","type":"product","link":"https:\/\/symepis.com.br\/loja\/produto\/capa-de-chuva-pvc-forrada-ca-15975-plastseg\/","title":{"rendered":"Capa De Chuva Pvc Forrada Ca 15975 Plastseg"},"content":{"rendered":"<p>Capa de seguran\u00e7a confeccionada em tecido sint\u00e9tico revestido de PVC em uma das faces (PVC forrado), fechamento frontal atrav\u00e9s de quatro bot\u00f5es pl\u00e1sticos de press\u00e3o, costuras atrav\u00e9s de solda eletr\u00f4nica.<\/p>\n\n    <div class=\"xs_social_share_widget xs_share_url after_content \t\tmain_content  wslu-style-1 wslu-share-box-shaped wslu-fill-colored wslu-none wslu-share-horizontal wslu-theme-font-no wslu-main_content\">\n\n\t\t\n        <ul>\n\t\t\t        <\/ul>\n    <\/div> \n","protected":false},"excerpt":{"rendered":"<p>Capa de seguran\u00e7a confeccionada em tecido sint\u00e9tico revestido de PVC em uma das faces (PVC forrado), fechamento frontal atrav\u00e9s de quatro bot\u00f5es pl\u00e1sticos de press\u00e3o, costuras atrav\u00e9s de solda eletr\u00f4nica.<\/p>\n","protected":false},"featured_media":17405,"comment_status":"open","ping_status":"closed","template":"","meta":{"postBodyCss":"","postBodyMargin":[],"postBodyPadding":[],"postBodyBackground":{"backgroundType":"classic","gradient":""}},"product_brand":[],"product_cat":[468,309],"product_tag":[337,339],"class_list":{"0":"post-17819","1":"product","2":"type-product","3":"status-publish","4":"has-post-thumbnail","6":"product_cat-impermeaveis","7":"product_cat-vestuario-de-protecao","8":"product_tag-capas-de-chuva","9":"product_tag-plastseg","11":"first","12":"instock","13":"taxable","14":"shipping-taxable","15":"product-type-variable"},"_links":{"self":[{"href":"https:\/\/symepis.com.br\/loja\/wp-json\/wp\/v2\/product\/17819","targetHints":{"allow":["GET"]}}],"collection":[{"href":"https:\/\/symepis.com.br\/loja\/wp-json\/wp\/v2\/product"}],"about":[{"href":"https:\/\/symepis.com.br\/loja\/wp-json\/wp\/v2\/types\/product"}],"replies":[{"embeddable":true,"href":"https:\/\/symepis.com.br\/loja\/wp-json\/wp\/v2\/comments?post=17819"}],"wp:featuredmedia":[{"embeddable":true,"href":"https:\/\/symepis.com.br\/loja\/wp-json\/wp\/v2\/media\/17405"}],"wp:attachment":[{"href":"https:\/\/symepis.com.br\/loja\/wp-json\/wp\/v2\/media?parent=17819"}],"wp:term":[{"taxonomy":"product_brand","embeddable":true,"href":"https:\/\/symepis.com.br\/loja\/wp-json\/wp\/v2\/product_brand?post=17819"},{"taxonomy":"product_cat","embeddable":true,"href":"https:\/\/symepis.com.br\/loja\/wp-json\/wp\/v2\/product_cat?post=17819"},{"taxonomy":"product_tag","embeddable":true,"href":"https:\/\/symepis.com.br\/loja\/wp-json\/wp\/v2\/product_tag?post=17819"}],"curies":[{"name":"wp","href":"https:\/\/api.w.org\/{rel}","templated":true}]}}